?
False
Is 1340011 prime?
True
Is 6245671 a prime number?
False
Is 33624329 a composite number?
True
Is 985921 prime?
True
Is 11029157 prime?
False
Is 158386667 prime?
True
Is 5086619 prime?
True
Is 26014717 a composite number?
True
Is 20594153 a composite number?
True
Is 1848157 a composite number?
True
Is 1564183 a prime number?
True
Is 5578031 prime?
True
Is 404953931 prime?
True
Is 156444581 composite?
False
Is 2625551 prime?
True
Is 81352391 composite?
True
Is 30173341 a prime number?
False
Is 3755303 composite?
True
Is 128650922 a composite number?
True
Is 24038911 a prime number?
False
Is 29075237 a prime number?
True
Is 1453461 a composite number?
True
Is 1775803 prime?
False
Is 51760627 composite?
False
Is 590228413 prime?
False
Is 21852827 a prime number?
True
Is 5129723 a composite number?
True
Is 32437711 prime?
True
Is 36776921 prime?
True
Is 103859737 a composite number?
True
Is 1623257 composite?
True
Is 22960409 composite?
True
Is 4460331 a prime number?
False
Is 46631647 prime?
True
Is 1300093 a prime number?
False
Is 164871367 prime?
True
Is 131752793 a prime number?
True
Is 1849181 composite?
True
Is 21928799 a prime number?
False
Is 699991 composite?
True
Is 42947251 a prime number?
False
Is 3067567 a prime number?
False
Is 17312303 a composite number?
False
Is 57881479 a prime number?
True
Is 867822779 a composite number?
True
Is 1239041 composite?
False
Is 23077633 composite?
False
Is 152967371 composite?
False
Is 2650463 composite?
False
Is 32325173 a prime number?
True
Is 3832093 a prime number?
False
Is 183810089 composite?
True
Is 871183 prime?
False
Is 30934253 composite?
True
Is 21826985 composite?
True
Is 1858981 a prime number?
False
Is 16843307 a prime number?
False
Is 45485799 prime?
False
Is 1294577 composite?
True
Is 12676561 composite?
True
Is 106033307 composite?
False
Is 79280831 a prime number?
False
Is 33804569 a prime number?
False
Is 4076933 a composite number?
True
Is 4315721 a prime number?
False
Is 6530345 a composite number?
True
Is 477716623 a composite number?
True
Is 43902359 a prime number?
True
Is 70720781 a prime number?
True
Is 61346245 a composite number?
True
Is 17563709 a prime number?
True
Is 6715405 a composite number?
True
Is 37608271 a composite number?
False
Is 218269217 composite?
False
Is 192799381 a composite number?
True
Is 92288017 composite?
False
Is 29626861 prime?
False
Is 3019953 a composite number?
True
Is 3015865 a composite number?
True
Is 15852838 composite?
True
Is 195244435 prime?
False
Is 1468583 a prime number?
False
Is 5918501 composite?
False
Is 5691061 composite?
True
Is 13020977 a prime number?
True
Is 301951 a prime number?
False
Is 1258147 a composite number?
True
Is 18318437 a prime number?
True
Is 242141639 composite?
False
Is 115148779 a prime number?
True
Is 68848253 a prime number?
True
Is 4507367 composite?
True
Is 2752487 prime?
False
Is 11094973 a composite number?
False
Is 5847239 a composite number?
False
Is 195076123 a prime number?
False
Is 26665259 composite?
True
Is 572498435 a composite number?
True
Is 1273843 a prime number?
True
Is 12077943 a prime number?
False
Is 27095897 a prime number?
True
Is 52717709 a composite number?
True
Is 1418435 a prime number?
False
Is 1235021 a composite number?
False
Is 59771 prime?
True
Is 16219573 a composite number?
False
Is 2185883 a prime number?
False
Is 18635 a composite number?
True
Is 4795561 a prime number?
True
Is 12725329 prime?
True
Is 128790937 a prime number?
False
Is 10183711 a composite number?
False
Is 6604679 a composite number?
True
Is 161157203 composite?
True
Is 82907 a composite number?
True
Is 340291657 a prime number?
False
Is 863647 composite?
True
Is 7637999 a prime number?
False
Is 6998221 prime?
True
Is 874961 prime?
False
Is 12550277 prime?
False
Is 2414581 a prime number?
False
Is 802979 prime?
True
Is 5532937 a composite number?
False
Is 21425113 a composite number?
True
Is 160994345 a prime number?
False
Is 6658649 a prime number?
True
Is 1104047 composite?
True
Is 1237771 a prime number?
False
Is 132470797 prime?
False
Is 345901 a prime number?
False
Is 6026873 composite?
False
Is 57857659 prime?
True
Is 127941703 a composite number?
True
Is 184577087 prime?
True
Is 51756031 a prime number?
True
Is 276695291 a composite number?
False
Is 986795 a prime number?
False
Is 20221247 a prime number?
False
Is 160027 a prime number?
False
Is 168934739 a prime number?
True
Is 90365789 a composite number?
False
Is 488687 a prime number?
True
Is 5607871 prime?
True
Is 5280031 composite?
False
Is 1143217 prime?
True
Is 321647 composite?
False
Is 593661 a prime number?
False
Is 6308359 a prime number?
False
Is 22102501 a composite number?
True
Is 1520947 a composite number?
False
Is 151093 a composite number?
True
Is 150226526 prime?
False
Is 108782377 composite?
True
Is 5398037 a composite number?
False
Is 32999 a composite number?
False
Is 192599 a composite number?
True
Is 168756011 prime?
False
Is 672905833 composite?
False
Is 1847947 a prime number?
False
Is 5672419 a prime number?
False
Is 396923 a composite number?
True
Is 403154 composite?
True
Is 7397827 a prime number?
False
Is 44346011 a composite number?
False
Is 6484861 a prime number?
True
Is 4835599 prime?
False
Is 6032261 a composite number?
True
Is 967181333 composite?
True
Is 104036213 a prime number?
True
Is 7170521 a prime number?
False
Is 788129 composite?
False
Is 655605967 a prime number?
True
Is 4058683 a composite number?
False
Is 3091919 a composite number?
False
Is 13162315 composite?
True
Is 8990321 prime?
True
Is 13488479 prime?
True
Is 4644581 prime?
True
Is 410158883 prime?
True
Is 10363541 a composite number?
True
Is 3622873 a composite number?
False
Is 169560311 a composite number?
False
Is 43493431 a composite number?
True
Is 10025095 prime?
False
Is 20565629 a composite number?
True
Is 1615403 a composite number?
False
Is 31541233 prime?
True
Is 171306017 a composite number?
True
Is 339271 composite?
True
Is 1377461 prime?
False
Is 2677513 composite?
False
Is 1878641 a prime number?
True
Is 7950109 a composite number?
False
Is 41358293 a composite number?
True
Is 19676121 prime?
False
Is 9481259 a prime number?
False
Is 13496947 a composite number?
False
Is 28384679 prime?
False
Is 3238709 composite?
True
Is 2701177 a prime number?
True
Is 16737338 prime?
False
Is 264858511 composite?
False
Is 63717967 composite?
True
Is 1116883 prime?
False
Is 693523 prime?
True
Is 22771907 composite?
False
Is 7720793 composite?
True
Is 363281257 prime?
True
Is 13102471 composite?
True
Is 36457381 composite?
False
Is 6755351 a prime number?
True
Is 28294313 composite?
False
Is 1821481 prime?
True
Is 14063209 prime?
True
Is 157667 composite?
False
Is 982489 a prime number?
True
Is 335771 a prime number?
True
Is 155175233 a composite number?
False
Is 6030419 a composite number?
False
Is 3857069 prime?
False
Is 15805859 composite?
True
Is 15241117 prime?
False
Is 5977299 a prime number?
False
Is 11157007 prime?
False
Is 2840161 a prime number?
True
Is 5095969 prime?
False
Is 486616643 composite?
True
Is 116236423 a prime number?
True
Is 29393879 a composite number?
False
Is 29366093 a composite number?
False
Is 23515 prime?
False
Is 2289059 a prime number?
True
Is 124838927 composite?
False
Is 20641609 a prime number?
True
Is 160309 prime?
True
Is 4177051 a prime number?
True
Is 2121479 composite?
False
Is 3181687 a composite number?
True
Is 285315721 composite?
False
Is 8759221 a composite number?
False
Is 72769 prime?
False
Is 495101 a composite number?
True
Is 50546147 prime?
True
Is 16733207 composite?
True
Is 495168353 a composite number?
False
Is 284036299 a composite number?
True
Is 66392801 a composite number?
False
Is 1268899 prime?
True
Is 985931 a prime number?
False
Is 171848543 prime?
True
Is 115127 prime?
True
Is 2229887 composite?
True
Is 3784531 composite?
False
Is 10014937 a composite number?
False
Is 3271753 prime?
True
Is 18802141 prime?
True
Is 13191169 a prime number?
True
Is 828909473 a composite number?
True
Is 4151173 a composite number?
True
Is 7303637 a composite number?
True
Is 17062921 a composite number?
False
Is 12158197 a prime number?
True
Is 56849 a prime number?
False
Is 2340701 a composit